{"version":"1.0","provider_name":"Karriere Landkreis Hameln-Pyrmont","provider_url":"https:\/\/karriere.hameln-pyrmont.de","author_name":"admin","author_url":"https:\/\/karriere.hameln-pyrmont.de\/index.php\/author\/konzeptschmiede\/","title":"Sozialp\u00e4dagogische Fachkraft (m\/w\/d) im Team Sozialpsychiatrischer Dienst - Karriere Landkreis Hameln-Pyrmont","type":"rich","width":600,"height":338,"html":"<blockquote class=\"wp-embedded-content\" data-secret=\"8AfMDr9YG1\"><a href=\"https:\/\/karriere.hameln-pyrmont.de\/index.php\/job\/900001142\/\">Sozialp\u00e4dagogische Fachkraft (m\/w\/d) im Team Sozialpsychiatrischer Dienst<\/a><\/blockquote><iframe sandbox=\"allow-scripts\" security=\"restricted\" src=\"https:\/\/karriere.hameln-pyrmont.de\/index.php\/job\/900001142\/embed\/#?secret=8AfMDr9YG1\" width=\"600\" height=\"338\" title=\"&#8222;Sozialp\u00e4dagogische Fachkraft (m\/w\/d) im Team Sozialpsychiatrischer Dienst&#8220; &#8211; Karriere Landkreis Hameln-Pyrmont\" data-secret=\"8AfMDr9YG1\" frameborder=\"0\" marginwidth=\"0\" marginheight=\"0\" scrolling=\"no\" class=\"wp-embedded-content\"><\/iframe><script>\n\/*! This file is auto-generated *\/\n!function(d,l){\"use strict\";l.querySelector&&d.addEventListener&&\"undefined\"!=typeof URL&&(d.wp=d.wp||{},d.wp.receiveEmbedMessage||(d.wp.receiveEmbedMessage=function(e){var t=e.data;if((t||t.secret||t.message||t.value)&&!\/[^a-zA-Z0-9]\/.test(t.secret)){for(var s,r,n,a=l.querySelectorAll('iframe[data-secret=\"'+t.secret+'\"]'),o=l.querySelectorAll('blockquote[data-secret=\"'+t.secret+'\"]'),c=new RegExp(\"^https?:$\",\"i\"),i=0;i<o.length;i++)o[i].style.display=\"none\";for(i=0;i<a.length;i++)s=a[i],e.source===s.contentWindow&&(s.removeAttribute(\"style\"),\"height\"===t.message?(1e3<(r=parseInt(t.value,10))?r=1e3:~~r<200&&(r=200),s.height=r):\"link\"===t.message&&(r=new URL(s.getAttribute(\"src\")),n=new URL(t.value),c.test(n.protocol))&&n.host===r.host&&l.activeElement===s&&(d.top.location.href=t.value))}},d.addEventListener(\"message\",d.wp.receiveEmbedMessage,!1),l.addEventListener(\"DOMContentLoaded\",function(){for(var e,t,s=l.querySelectorAll(\"iframe.wp-embedded-content\"),r=0;r<s.length;r++)(t=(e=s[r]).getAttribute(\"data-secret\"))||(t=Math.random().toString(36).substring(2,12),e.src+=\"#?secret=\"+t,e.setAttribute(\"data-secret\",t)),e.contentWindow.postMessage({message:\"ready\",secret:t},\"*\")},!1)))}(window,document);\n\/\/# sourceURL=https:\/\/karriere.hameln-pyrmont.de\/wp-includes\/js\/wp-embed.min.js\n<\/script>\n","description":"Der Landkreis Hameln-Pyrmont sucht f\u00fcr sein Gesundheitsamt im Team Sozialpsychiatrischer Dienst zum n\u00e4chstm\u00f6glichen Zeitpunkt eine Sozialp\u00e4dagogische Fachkraft (m\/w\/d). Die Stellenbesetzung erfolgt unbefristet und in Vollzeit. Ihre wesentlichen Aufgaben die Beratung von psychisch erkrankten Menschen und deren sozialem Umfeld die Krisenintervention in akuten seelischen Notsituationen aufsuchende Arbeit die Mitwirkung bei Schutzma\u00dfnahmen nach dem Nieders\u00e4chsischen Gesetz \u00fcber [&hellip;]"}

Sozialpädagogische Fachkraft (m/w/d) im Team Sozialpsychiatrischer Dienst - Karriere Landkreis Hameln-Pyrmont

<blockquote class="wp-embedded-content" data-secret="8AfMDr9YG1"><a href="https://karriere.hameln-pyrmont.de/index.php/job/900001142/">Sozialpädagogische Fachkraft (m/w/d) im Team Sozialpsychiatrischer Dienst</a></blockquote><iframe sandbox="allow-scripts" security="restricted" src="https://karriere.hameln-pyrmont.de/index.php/job/900001142/embed/#?secret=8AfMDr9YG1" width="600" height="338" title="&#8222;Sozialpädagogische Fachkraft (m/w/d) im Team Sozialpsychiatrischer Dienst&#8220; &#8211; Karriere Landkreis Hameln-Pyrmont" data-secret="8AfMDr9YG1" frameborder="0" marginwidth="0" marginheight="0" scrolling="no" class="wp-embedded-content"></iframe><script>
/*! This file is auto-generated */
!function(d,l){"use strict";l.querySelector&&d.addEventListener&&"undefined"!=typeof URL&&(d.wp=d.wp||{},d.wp.receiveEmbedMessage||(d.wp.receiveEmbedMessage=function(e){var t=e.data;if((t||t.secret||t.message||t.value)&&!/[^a-zA-Z0-9]/.test(t.secret)){for(var s,r,n,a=l.querySelectorAll('iframe[data-secret="'+t.secret+'"]'),o=l.querySelectorAll('blockquote[data-secret="'+t.secret+'"]'),c=new RegExp("^https?:$","i"),i=0;i<o.length;i++)o[i].style.display="none";for(i=0;i<a.length;i++)s=a[i],e.source===s.contentWindow&&(s.removeAttribute("style"),"height"===t.message?(1e3<(r=parseInt(t.value,10))?r=1e3:~~r<200&&(r=200),s.height=r):"link"===t.message&&(r=new URL(s.getAttribute("src")),n=new URL(t.value),c.test(n.protocol))&&n.host===r.host&&l.activeElement===s&&(d.top.location.href=t.value))}},d.addEventListener("message",d.wp.receiveEmbedMessage,!1),l.addEventListener("DOMContentLoaded",function(){for(var e,t,s=l.querySelectorAll("iframe.wp-embedded-content"),r=0;r<s.length;r++)(t=(e=s[r]).getAttribute("data-secret"))||(t=Math.random().toString(36).substring(2,12),e.src+="#?secret="+t,e.setAttribute("data-secret",t)),e.contentWindow.postMessage({message:"ready",secret:t},"*")},!1)))}(window,document);
//# sourceURL=https://karriere.hameln-pyrmont.de/wp-includes/js/wp-embed.min.js
</script>

Der Landkreis Hameln-Pyrmont sucht für sein Gesundheitsamt im Team Sozialpsychiatrischer Dienst zum nächstmöglichen Zeitpunkt eine Sozialpädagogische Fachkraft (m/w/d). Die Stellenbesetzung erfolgt unbefristet und in Vollzeit. Ihre wesentlichen Aufgaben die Beratung von psychisch erkrankten Menschen und deren sozialem Umfeld die Krisenintervention in akuten seelischen Notsituationen aufsuchende Arbeit die Mitwirkung bei Schutzmaßnahmen nach dem Niedersächsischen Gesetz über [&hellip;]
